ed by 123078?
77
What is the remainder when 56224 is divided by 609?
196
Calculate the remainder when 6617053 is divided by 228171.
94
Calculate the remainder when 15628550 is divided by 1302379.
2
Calculate the remainder when 25312621 is divided by 141.
19
Calculate the remainder when 478988 is divided by 53195.
233
What is the remainder when 191058 is divided by 17366?
32
What is the remainder when 3487052 is divided by 426?
242
What is the remainder when 167155 is divided by 26728?
6787
Calculate the remainder when 2451092 is divided by 5013.
4748
Calculate the remainder when 29907241 is divided by 712077.
7
Calculate the remainder when 185038 is divided by 210.
28
Calculate the remainder when 1427567719 is divided by 26.
19
What is the remainder when 517119 is divided by 74?
7
Calculate the remainder when 228893 is divided by 9796.
3585
What is the remainder when 956085 is divided by 7?
4
What is the remainder when 167892 is divided by 796?
732
What is the remainder when 1329993 is divided by 6789?
6138
Calculate the remainder when 247924 is divided by 555.
394
Calculate the remainder when 1458102 is divided by 216.
102
Calculate the remainder when 1782454 is divided by 891166.
122
Calculate the remainder when 9613090 is divided by 852.
826
Calculate the remainder when 4268952 is divided by 1067236.
8
What is the remainder when 104448 is divided by 6518?
160
Calculate the remainder when 1403060 is divided by 3.
2
Calculate the remainder when 30019 is divided by 29207.
812
Calculate the remainder when 268831 is divided by 33593.
87
What is the remainder when 119446 is divided by 118706?
740
What is the remainder when 210165 is divided by 576?
501
Calculate the remainder when 12361 is divided by 3845.
826
Calculate the remainder when 223895 is divided by 218102.
5793
Calculate the remainder when 355059935 is divided by 3558.
3557
What is the remainder when 55986663 is divided by 674538?
9
Calculate the remainder when 517346 is divided by 290.
276
Calculate the remainder when 80796 is divided by 20170.
116
What is the remainder when 9414348 is divided by 5048?
4876
Calculate the remainder when 12401 is divided by 12385.
16
Calculate the remainder when 470239757 is divided by 1046.
1043
What is the remainder when 407134 is divided by 974?
2
Calculate the remainder when 2741738 is divided by 24.
2
Calculate the remainder when 29968 is divided by 3189.
1267
Calculate the remainder when 1168125 is divided by 266.
119
Calculate the remainder when 483023 is divided by 3749.
3151
What is the remainder when 134252 is divided by 12208?
12172
Calculate the remainder when 143409 is divided by 122.
59
What is the remainder when 1039916 is divided by 94531?
75
What is the remainder when 748830 is divided by 33?
27
Calculate the remainder when 24128648 is divided by 307.
290
What is the remainder when 1439789 is divided by 2349?
2201
What is the remainder when 27761420 is divided by 136?
12
Calculate the remainder when 11925644 is divided by 3896.
3884
Calculate the remainder when 16132736 is divided by 148.
144
Calculate the remainder when 153915 is divided by 852.
555
What is the remainder when 2410972 is divided by 3?
1
Calculate the remainder when 24871172 is divided by 25.
22
What is the remainder when 15098689 is divided by 118?
117
What is the remainder when 7950245 is divided by 122?
115
Calculate the remainder when 51032263 is divided by 103.
89
What is the remainder when 190028996 is divided by 150?
146
What is the remainder when 3320262 is divided by 394?
24
Calculate the remainder when 126410 is divided by 1184.
906
Calculate the remainder when 973263 is divided by 509.
55
Calculate the remainder when 2709837 is divided by 246347.
20
What is the remainder when 712115 is divided by 9621?
161
Calculate the remainder when 37612 is divided by 143.
3
What is the remainder when 361359 is divided by 149?
34
What is the remainder when 3896187 is divided by 488?
483
What is the remainder when 83475 is divided by 27275?
1650
Calculate the remainder when 3224068 is divided by 1231.
79
Calculate the remainder when 78481 is divided by 1869.
1852
Calculate the remainder when 343881 is divided by 316.
73
Calculate the remainder when 610043 is divided by 32.
27
What is the remainder when 209887 is divided by 25547?
5511
Calculate the remainder when 38937 is divided by 38638.
299
What is the remainder when 6051901 is divided by 39?
37
Calculate the remainder when 19516453 is divided by 32.
5
Calculate the remainder when 13716338 is divided by 9218.
9172
What is the remainder when 12701 is divided by 12632?
69
What is the remainder when 3042141 is divided by 168?
165
Calculate the remainder when 8965023 is divided by 5769.
5766
Calculate the remainder when 43946312 is divided by 1367.
1363
Calculate the remainder when 218725 is divided by 444.
277
Calculate the remainder when 606214 is divided by 595.
504
What is the remainder when 387120774 is divided by 93?
90
What is the remainder when 800549 is divided by 2772?
2213
What is the remainder when 8084630 is divided by 351504?
38
Calculate the remainder when 162860 is divided by 84.
68
Calculate the remainder when 425825 is divided by 425719.
106
Calculate the remainder when 4922981 is divided by 25376.
37
What is the remainder when 47489334 is divided by 23852?
2
Calculate the remainder when 75771 is divided by 8022.
3573
What is the remainder when 44079 is divided by 22023?
33
What is the remainder when 3508339 is divided by 13289?
43
Calculate the remainder when 297542 is divided by 33060.
2
What is the remainder when 21045378 is divided by 29?
20
Calculate the remainder when 559400 is divided by 93223.
62
What is the remainder when 84385015 is divided by 8492?
11
Calculate the remainder when 615449 is divided by 400.
249
Calculate the remainder when 38389 is divided by 1533.
64
What is the remainder when 339942 is divided by 198?
174
What is the remainder when 537655 is divided by 537645?
10
Calculate the remainder when 5576 is divided by 2598.
380
What is the remainder when 3636299 is divided by 3333?
3329
What is the remainder when 64019619 is divided by 132?
15
Calculate the remainder when 17833417 is divided by 37782.
313
Calculate the remainder when 4289911 is divided by 4289247.
664
Calculate the remainder when 645419551 is divided by 6001.
6000
What is the remainder when 385067 is divided by 27469?
501
What is the remainder when 2482666 is divided by 1704?
1642
What is the remainder when 30742201 is divided by 78?
61
What is the remainder when 5664991 is divided by 34?
13
What is the remainder when 6214961 is divided by 5?
1
What is the remainder when 423050 is divided by 1406?
1250
Calculate the remainder when 4695466 is divided by 629.
610
Calculate the remainder when 54857942 is divided by 33.
29
What is the remainder when 738506 is divided by 243864?
6914
What is the remainder when 780200 is divided by 904?
48
Calculate the remainder when 3228359 is divided by 4.
3
Calculate the remainder when 93410 is divided by 13343.
9
What is the remainder when 57083918 is divided by 373?
371
Calculate the remainder when 10810 is divided by 277.
7
What is the remainder when 110300 is divided by 110121?
179
Calculate the remainder when 5054895 is divided by 1008.
783
Calculate the remainder when 140221 is divided by 5831.
277
Calculate the remainder when 26768 is divided by 3817.
49
Calculate the remainder when 755587 is divided by 788.
683
What is the remainder when 16394 is divided by 608?
586
Calculate the remainder when 648855 is divided by 216055.
690
Calculate the remainder when 956651 is divided by 11388.
59
What is the remainder when 172874 is divided by 24?
2
What is the remainder when 10520469 is divided by 1136?
1109
What is the remainder when 11622112 is divided by 442?
164
What is the remainder when 3428221 is divided by 266?
13
Calculate the remainder when 962611 is divided by 6017.
5908
Calculate the remainder when 110357 is divided by 55156.
45
What is the remainder when 3831239 is divided by 7602?
7433
What is the remainder when 998905 is divided by 273?
271
What is the remainder when 49661 is divided by 5723?
3877
Calculate the remainder when 24176289 is divided by 55197.
3
What is the rem